{"id":560,"date":"2018-12-19T11:06:13","date_gmt":"2018-12-19T10:06:13","guid":{"rendered":"http:\/\/bertrand-beaussillon.com\/?page_id=560"},"modified":"2018-12-20T10:14:24","modified_gmt":"2018-12-20T09:14:24","slug":"ludovic-duhamel-2017","status":"publish","type":"page","link":"https:\/\/bertrand-beaussillon.com\/index.php\/ludovic-duhamel-2017\/","title":{"rendered":"LUDOVIC DUHAMEL 2017"},"content":{"rendered":"<div class=\"fusion-fullwidth fullwidth-box fusion-builder-row-1 nonhundred-percent-fullwidth non-hundred-percent-height-scrolling\" style=\"background-color: rgba(255,255,255,0);background-position: center center;background-repeat: no-repeat;padding-top:0px;padding-right:0px;padding-bottom:0px;padding-left:0px;margin-bottom: 0px;margin-top: 30px;border-width: 0px 0px 0px 0px;border-color:#eae9e9;border-style:solid;\" ><div class=\"fusion-builder-row fusion-row\"><div class=\"fusion-layout-column fusion_builder_column fusion-builder-column-0 fusion_builder_column_1_4 1_4 fusion-one-fourth fusion-column-first\" style=\"width:25%;width:calc(25% - ( ( 4% ) * 0.25 ) );margin-right: 4%;margin-top:20px;margin-bottom:20px;\"><div class=\"fusion-column-wrapper fusion-flex-column-wrapper-legacy\" style=\"background-position:left top;background-repeat:no-repeat;-webkit-background-size:cover;-moz-background-size:cover;-o-background-size:cover;background-size:cover;padding: 0px 0px 0px 0px;\"><div class=\"fusion-text fusion-text-1\"><h3 style=\"text-align: center;\">TEXTES<\/h3>\n<\/div><div class=\"fusion-text fusion-text-2\"><p style=\"text-align: center;\"><a href=\"mailto:contact@bertrand-beaussillon.com\"><div class=\"fusion-sep-clear\"><\/div><div class=\"fusion-separator fusion-has-icon fusion-full-width-sep\" style=\"margin-left: auto;margin-right: auto;width:100%;\"><div class=\"fusion-separator-border sep-single sep-solid\" style=\"border-color:#333333;border-top-width:1px;\"><\/div><span class=\"icon-wrapper\" style=\"border-color:transparent;font-size:13px;width: 1.75em; height: 1.75em;border-width:1px;padding:1px;margin-top:-0.5px\"><i class=\"fa-envelope far\" style=\"font-size: inherit;color:#333333;\" aria-hidden=\"true\"><\/i><\/span><div class=\"fusion-separator-border sep-single sep-solid\" style=\"border-color:#333333;border-top-width:1px;\"><\/div><\/div><div class=\"fusion-sep-clear\"><\/div><\/a><\/p>\n<\/div><div class=\"fusion-sep-clear\"><\/div><div class=\"fusion-separator fusion-full-width-sep\" style=\"margin-left: auto;margin-right: auto;margin-top:45px;margin-bottom:50px;width:100%;\"><div class=\"fusion-separator-border sep-single sep-solid\" style=\"border-color:rgba(224,222,222,0);border-top-width:1px;\"><\/div><\/div><div class=\"fusion-sep-clear\"><\/div><span class=\" fusion-imageframe imageframe-none imageframe-1 hover-type-none\"><img decoding=\"async\" width=\"3278\" height=\"4923\" title=\"IMG_7574\" src=\"http:\/\/bertrand-beaussillon.com\/wp-content\/uploads\/2018\/11\/IMG_7574.jpg\" class=\"img-responsive wp-image-230\" srcset=\"https:\/\/bertrand-beaussillon.com\/wp-content\/uploads\/2018\/11\/IMG_7574-200x300.jpg 200w, https:\/\/bertrand-beaussillon.com\/wp-content\/uploads\/2018\/11\/IMG_7574-400x601.jpg 400w, https:\/\/bertrand-beaussillon.com\/wp-content\/uploads\/2018\/11\/IMG_7574-600x901.jpg 600w, https:\/\/bertrand-beaussillon.com\/wp-content\/uploads\/2018\/11\/IMG_7574-800x1201.jpg 800w, https:\/\/bertrand-beaussillon.com\/wp-content\/uploads\/2018\/11\/IMG_7574-1200x1802.jpg 1200w, https:\/\/bertrand-beaussillon.com\/wp-content\/uploads\/2018\/11\/IMG_7574.jpg 3278w\" sizes=\"(max-width: 800px) 100vw, 400px\" \/><\/span><div class=\"fusion-clearfix\"><\/div><\/div><\/div><div class=\"fusion-layout-column fusion_builder_column fusion-builder-column-1 fusion_builder_column_3_4 3_4 fusion-three-fourth fusion-column-last\" style=\"width:75%;width:calc(75% - ( ( 4% ) * 0.75 ) );margin-top:0px;margin-bottom:20px;\"><div class=\"fusion-column-wrapper fusion-flex-column-wrapper-legacy\" style=\"background-position:left top;background-repeat:no-repeat;-webkit-background-size:cover;-moz-background-size:cover;-o-background-size:cover;background-size:cover;padding: 0px 0px 0px 0px;\"><div class=\"fusion-sep-clear\"><\/div><div class=\"fusion-separator fusion-full-width-sep\" style=\"margin-left: auto;margin-right: auto;margin-top:100px;width:100%;\"><div class=\"fusion-separator-border sep-single sep-solid\" style=\"border-color:rgba(224,222,222,0);border-top-width:1px;\"><\/div><\/div><div class=\"fusion-sep-clear\"><\/div><div class=\"fusion-builder-row fusion-builder-row-inner fusion-row\"><div class=\"fusion-layout-column fusion_builder_column_inner fusion-builder-nested-column-0 fusion_builder_column_inner_4_5 4_5 fusion-four-fifth fusion-column-first\" style=\"width:80%;width:calc(80% - ( ( 4% ) * 0.8 ) );margin-right: 4%;margin-top:0px;margin-bottom:20px;\"><div class=\"fusion-column-wrapper fusion-flex-column-wrapper-legacy\" style=\"background-position:left top;background-repeat:no-repeat;-webkit-background-size:cover;-moz-background-size:cover;-o-background-size:cover;background-size:cover;padding: 0px 0px 0px 0px;\"><div class=\"fusion-text fusion-text-3\"><p style=\"text-align: left;\"><a href=\"http:\/\/bertrand-beaussillon.com\/\"><div class=\"fusion-fa-align-left\"><i class=\"fb-icon-element-1 fb-icon-element fontawesome-icon fa-home fas circle-no\" style=\"font-size:20px;margin-right:10px;\"><\/i><\/div><style>i.fb-icon-element.fontawesome-icon.fb-icon-element-1{ color: #333333;}i.fb-icon-element.fontawesome-icon.fb-icon-element-1:hover { color: #333333;}<\/style><\/a><\/p>\n<\/div><div class=\"fusion-clearfix\"><\/div><\/div><\/div><div class=\"fusion-layout-column fusion_builder_column_inner fusion-builder-nested-column-1 fusion_builder_column_inner_1_5 1_5 fusion-one-fifth fusion-column-last\" style=\"width:20%;width:calc(20% - ( ( 4% ) * 0.2 ) );margin-top:0px;margin-bottom:20px;\"><div class=\"fusion-column-wrapper fusion-flex-column-wrapper-legacy\" style=\"background-position:left top;background-repeat:no-repeat;-webkit-background-size:cover;-moz-background-size:cover;-o-background-size:cover;background-size:cover;padding: 0px 0px 0px 0px;\"><div class=\"fusion-clearfix\"><\/div><\/div><\/div><\/div><div class=\"fusion-sep-clear\"><\/div><div class=\"fusion-separator fusion-full-width-sep\" style=\"margin-left: auto;margin-right: auto;margin-top:20px;width:100%;\"><div class=\"fusion-separator-border sep-double\" style=\"border-color:rgba(224,222,222,0);border-top-width:1px;border-bottom-width:1px;\"><\/div><\/div><div class=\"fusion-sep-clear\"><\/div><div class=\"fusion-builder-row fusion-builder-row-inner fusion-row\"><div class=\"fusion-layout-column fusion_builder_column_inner fusion-builder-nested-column-2 fusion_builder_column_inner_1_2 1_2 fusion-one-half fusion-column-first\" style=\"width:50%;width:calc(50% - ( ( 4% ) * 0.5 ) );margin-right: 4%;margin-top:0px;margin-bottom:20px;\"><div class=\"fusion-column-wrapper fusion-flex-column-wrapper-legacy\" style=\"background-position:left top;background-repeat:no-repeat;-webkit-background-size:cover;-moz-background-size:cover;-o-background-size:cover;background-size:cover;padding: 0px 0px 0px 0px;\"><div class=\"fusion-text fusion-text-4\"><p style=\"text-align: justify;\"><strong>Bertrand BEAUSSILLON<\/strong><\/p>\n<p style=\"text-align: justify;\"><strong>Le myst\u00e8re du visible<\/strong><\/p>\n<p style=\"text-align: justify;\">Un rien de lumi\u00e8re, et tout autour l\u2019obscurit\u00e9, une mani\u00e8re de noir sid\u00e9ral. Une forme se d\u00e9coupe, on en devine une infime partie, et force est d\u2019imaginer ce que la nuit ne montre pas. Entre pr\u00e9sence et absence, la beaut\u00e9 du monde, sans effusion ni tapages, spectacle murmurant, tamis\u00e9.<\/p>\n<p style=\"text-align: justify;\">Les couleurs chuchotent, la peinture ici comme une po\u00e9sie de l\u2019intime.<\/p>\n<p style=\"text-align: justify;\">Ce qu\u2019il faut de patience pour r\u00e9v\u00e9ler \u00e0 notre regard les surfaces \u00e0 peine sugg\u00e9r\u00e9es d\u2019objets ou d\u2019\u00e9difices dont il est vain de s\u2019interroger sur la nature. Ce qu\u2019il faut de t\u00e9nacit\u00e9 pour figer ainsi le silence lancinant de ces structures impr\u00e9gn\u00e9es de myst\u00e8re.<\/p>\n<p style=\"text-align: justify;\">Les ombres palpitent, la peinture ici comme vibration de l\u2019insondable.<\/p>\n<p style=\"text-align: justify;\">Il serait tellement plus simple de capter de notre quotidien les p\u00e9rip\u00e9ties outranci\u00e8res, les burlesques embard\u00e9es, les incoh\u00e9rentes saillies, au lieu de quoi Bertrand Beaussillon pr\u00e9f\u00e8re s\u2019en tenir \u00e0 une \u00e9criture toute en retenue, en finesse.<\/p>\n<p style=\"text-align: justify;\">Sa peinture est une immersion dans un monde inanim\u00e9 auquel des lueurs envo\u00fbtantes viennent apporter un fr\u00e9missement de vie. Il faut juste se laisser absorber, accepter de cheminer dans l\u2019ombre, et s\u2019abreuver \u00e0 ces teintes subtiles qui r\u00e9sonnent en nous comme le feraient les vibrations l\u00e9g\u00e8res d\u2019une m\u00e9lodie envo\u00fbtante.<\/p>\n<p style=\"text-align: justify;\">Les plans s\u2019imbriquent, se jaugent, la peinture ici comme po\u00e9sie du rythme.<\/p>\n<p style=\"text-align: justify;\">Libre \u00e0 qui en ressent la n\u00e9cessit\u00e9 de r\u00e9conforter son \u0153il en reconnaissant dans telle ou telle forme une petite part tangible du monde r\u00e9el. Aux fronti\u00e8res de l\u2019abstraction, il nous offre un moment d\u2019osmose avec un univers o\u00f9 la lumi\u00e8re et la couleur ont \u00e9pous\u00e9 la m\u00eame cause, et nous permet un regard autre sur les choses visibles de ce monde-ci.<\/p>\n<p style=\"text-align: justify;\">De la substance nocturne \u00e9merge une harmonie d\u2019une infinie po\u00e9sie, un univers pictural \u00e0 part dans le paysage contemporain, totalement intemporel.<\/p>\n<p style=\"text-align: justify;\">Baign\u00e9e de silence, cette peinture est en v\u00e9rit\u00e9 l\u2019incarnation du myst\u00e8re du visible et interroge habilement notre regard sur le monde.<\/p>\n<p style=\"text-align: justify;\"><strong>Ludovic DUHAMEL<\/strong><\/p>\n<p style=\"text-align: justify;\"><em>Texte paru dans Miroir de l\u2019art n\u00b0 82 (2017)<\/em><\/p>\n<\/div><div class=\"fusion-clearfix\"><\/div><\/div><\/div><div class=\"fusion-layout-column fusion_builder_column_inner fusion-builder-nested-column-3 fusion_builder_column_inner_1_2 1_2 fusion-one-half fusion-column-last\" style=\"width:50%;width:calc(50% - ( ( 4% ) * 0.5 ) );margin-top:0px;margin-bottom:20px;\"><div class=\"fusion-column-wrapper fusion-flex-column-wrapper-legacy\" style=\"background-position:left top;background-repeat:no-repeat;-webkit-background-size:cover;-moz-background-size:cover;-o-background-size:cover;background-size:cover;padding: 0px 0px 0px 0px;\"><div class=\"fusion-clearfix\"><\/div><\/div><\/div><\/div><div class=\"fusion-clearfix\"><\/div><\/div><\/div><\/div><\/div>\n","protected":false},"excerpt":{"rendered":"","protected":false},"author":1,"featured_media":0,"parent":0,"menu_order":0,"comment_status":"closed","ping_status":"closed","template":"100-width.php","meta":{"footnotes":""},"class_list":["post-560","page","type-page","status-publish","hentry"],"yoast_head":"<!-- This site is optimized with the Yoast SEO plugin v27.2 - https:\/\/yoast.com\/product\/yoast-seo-wordpress\/ -->\n<title>LUDOVIC DUHAMEL 2017 - Bertrand Beaussillon<\/title>\n<meta name=\"robots\" content=\"index, follow, max-snippet:-1, max-image-preview:large, max-video-preview:-1\" \/>\n<link rel=\"canonical\" href=\"https:\/\/bertrand-beaussillon.com\/index.php\/ludovic-duhamel-2017\/\" \/>\n<meta property=\"og:locale\" content=\"fr_FR\" \/>\n<meta property=\"og:type\" content=\"article\" \/>\n<meta property=\"og:title\" content=\"LUDOVIC DUHAMEL 2017 - Bertrand Beaussillon\" \/>\n<meta property=\"og:url\" content=\"https:\/\/bertrand-beaussillon.com\/index.php\/ludovic-duhamel-2017\/\" \/>\n<meta property=\"og:site_name\" content=\"Bertrand Beaussillon\" \/>\n<meta property=\"article:modified_time\" content=\"2018-12-20T09:14:24+00:00\" \/>\n<meta name=\"twitter:card\" content=\"summary_large_image\" \/>\n<meta name=\"twitter:label1\" content=\"Dur\u00e9e de lecture estim\u00e9e\" \/>\n\t<meta name=\"twitter:data1\" content=\"6 minutes\" \/>\n<script type=\"application\/ld+json\" class=\"yoast-schema-graph\">{\"@context\":\"https:\/\/schema.org\",\"@graph\":[{\"@type\":\"WebPage\",\"@id\":\"https:\/\/bertrand-beaussillon.com\/index.php\/ludovic-duhamel-2017\/\",\"url\":\"https:\/\/bertrand-beaussillon.com\/index.php\/ludovic-duhamel-2017\/\",\"name\":\"LUDOVIC DUHAMEL 2017 - Bertrand Beaussillon\",\"isPartOf\":{\"@id\":\"https:\/\/bertrand-beaussillon.com\/#website\"},\"datePublished\":\"2018-12-19T10:06:13+00:00\",\"dateModified\":\"2018-12-20T09:14:24+00:00\",\"breadcrumb\":{\"@id\":\"https:\/\/bertrand-beaussillon.com\/index.php\/ludovic-duhamel-2017\/#breadcrumb\"},\"inLanguage\":\"fr-FR\",\"potentialAction\":[{\"@type\":\"ReadAction\",\"target\":[\"https:\/\/bertrand-beaussillon.com\/index.php\/ludovic-duhamel-2017\/\"]}]},{\"@type\":\"BreadcrumbList\",\"@id\":\"https:\/\/bertrand-beaussillon.com\/index.php\/ludovic-duhamel-2017\/#breadcrumb\",\"itemListElement\":[{\"@type\":\"ListItem\",\"position\":1,\"name\":\"Accueil\",\"item\":\"https:\/\/bertrand-beaussillon.com\/\"},{\"@type\":\"ListItem\",\"position\":2,\"name\":\"LUDOVIC DUHAMEL 2017\"}]},{\"@type\":\"WebSite\",\"@id\":\"https:\/\/bertrand-beaussillon.com\/#website\",\"url\":\"https:\/\/bertrand-beaussillon.com\/\",\"name\":\"Bertrand Beaussillon\",\"description\":\"\",\"potentialAction\":[{\"@type\":\"SearchAction\",\"target\":{\"@type\":\"EntryPoint\",\"urlTemplate\":\"https:\/\/bertrand-beaussillon.com\/?s={search_term_string}\"},\"query-input\":{\"@type\":\"PropertyValueSpecification\",\"valueRequired\":true,\"valueName\":\"search_term_string\"}}],\"inLanguage\":\"fr-FR\"}]}<\/script>\n<!-- \/ Yoast SEO plugin. -->","yoast_head_json":{"title":"LUDOVIC DUHAMEL 2017 - Bertrand Beaussillon","robots":{"index":"index","follow":"follow","max-snippet":"max-snippet:-1","max-image-preview":"max-image-preview:large","max-video-preview":"max-video-preview:-1"},"canonical":"https:\/\/bertrand-beaussillon.com\/index.php\/ludovic-duhamel-2017\/","og_locale":"fr_FR","og_type":"article","og_title":"LUDOVIC DUHAMEL 2017 - Bertrand Beaussillon","og_url":"https:\/\/bertrand-beaussillon.com\/index.php\/ludovic-duhamel-2017\/","og_site_name":"Bertrand Beaussillon","article_modified_time":"2018-12-20T09:14:24+00:00","twitter_card":"summary_large_image","twitter_misc":{"Dur\u00e9e de lecture estim\u00e9e":"6 minutes"},"schema":{"@context":"https:\/\/schema.org","@graph":[{"@type":"WebPage","@id":"https:\/\/bertrand-beaussillon.com\/index.php\/ludovic-duhamel-2017\/","url":"https:\/\/bertrand-beaussillon.com\/index.php\/ludovic-duhamel-2017\/","name":"LUDOVIC DUHAMEL 2017 - Bertrand Beaussillon","isPartOf":{"@id":"https:\/\/bertrand-beaussillon.com\/#website"},"datePublished":"2018-12-19T10:06:13+00:00","dateModified":"2018-12-20T09:14:24+00:00","breadcrumb":{"@id":"https:\/\/bertrand-beaussillon.com\/index.php\/ludovic-duhamel-2017\/#breadcrumb"},"inLanguage":"fr-FR","potentialAction":[{"@type":"ReadAction","target":["https:\/\/bertrand-beaussillon.com\/index.php\/ludovic-duhamel-2017\/"]}]},{"@type":"BreadcrumbList","@id":"https:\/\/bertrand-beaussillon.com\/index.php\/ludovic-duhamel-2017\/#breadcrumb","itemListElement":[{"@type":"ListItem","position":1,"name":"Accueil","item":"https:\/\/bertrand-beaussillon.com\/"},{"@type":"ListItem","position":2,"name":"LUDOVIC DUHAMEL 2017"}]},{"@type":"WebSite","@id":"https:\/\/bertrand-beaussillon.com\/#website","url":"https:\/\/bertrand-beaussillon.com\/","name":"Bertrand Beaussillon","description":"","potentialAction":[{"@type":"SearchAction","target":{"@type":"EntryPoint","urlTemplate":"https:\/\/bertrand-beaussillon.com\/?s={search_term_string}"},"query-input":{"@type":"PropertyValueSpecification","valueRequired":true,"valueName":"search_term_string"}}],"inLanguage":"fr-FR"}]}},"_links":{"self":[{"href":"https:\/\/bertrand-beaussillon.com\/index.php\/wp-json\/wp\/v2\/pages\/560","targetHints":{"allow":["GET"]}}],"collection":[{"href":"https:\/\/bertrand-beaussillon.com\/index.php\/wp-json\/wp\/v2\/pages"}],"about":[{"href":"https:\/\/bertrand-beaussillon.com\/index.php\/wp-json\/wp\/v2\/types\/page"}],"author":[{"embeddable":true,"href":"https:\/\/bertrand-beaussillon.com\/index.php\/wp-json\/wp\/v2\/users\/1"}],"replies":[{"embeddable":true,"href":"https:\/\/bertrand-beaussillon.com\/index.php\/wp-json\/wp\/v2\/comments?post=560"}],"version-history":[{"count":4,"href":"https:\/\/bertrand-beaussillon.com\/index.php\/wp-json\/wp\/v2\/pages\/560\/revisions"}],"predecessor-version":[{"id":600,"href":"https:\/\/bertrand-beaussillon.com\/index.php\/wp-json\/wp\/v2\/pages\/560\/revisions\/600"}],"wp:attachment":[{"href":"https:\/\/bertrand-beaussillon.com\/index.php\/wp-json\/wp\/v2\/media?parent=560"}],"curies":[{"name":"wp","href":"https:\/\/api.w.org\/{rel}","templated":true}]}}